 the units digit of 1505131024?
4
What is the hundred thousands digit of 3664944036?
9
What is the thousands digit of 29232052?
2
What is the hundreds digit of 390348883?
8
What is the hundreds digit of 97127089?
0
What is the ten millions digit of 807509998?
0
What is the millions digit of 100810934?
0
What is the hundred millions digit of 632994442?
6
What is the millions digit of 7613601975?
3
What is the ten thousands digit of 33645352?
4
What is the ten millions digit of 157485196?
5
What is the hundred thousands digit of 4011946698?
9
What is the thousands digit of 289726657?
6
What is the tens digit of 166637814?
1
What is the millions digit of 49187671?
9
What is the tens digit of 537150622?
2
What is the millions digit of 266228032?
6
What is the ten thousands digit of 82343014?
4
What is the ten millions digit of 2406650609?
0
What is the tens digit of 46492324?
2
What is the hundreds digit of 1069701114?
1
What is the millions digit of 6196392883?
6
What is the hundred thousands digit of 81705241?
7
What is the ten millions digit of 5652092651?
5
What is the thousands digit of 652197694?
7
What is the tens digit of 59287492?
9
What is the ten thousands digit of 239427986?
2
What is the ten thousands digit of 77501958?
0
What is the tens digit of 2286758253?
5
What is the billions digit of 2653374481?
2
What is the hundred thousands digit of 26421018?
4
What is the ten millions digit of 130110656?
3
What is the units digit of 5257266379?
9
What is the ten millions digit of 561002001?
6
What is the millions digit of 1126902911?
6
What is the tens digit of 2369712757?
5
What is the ten millions digit of 1054450898?
5
What is the hundred millions digit of 1183728468?
1
What is the hundred thousands digit of 62662444?
6
What is the hundreds digit of 88070369?
3
What is the units digit of 2316944?
4
What is the ten thousands digit of 346415441?
1
What is the hundred millions digit of 173612342?
1
What is the units digit of 2035110762?
2
What is the units digit of 178808094?
4
What is the hundreds digit of 687225362?
3
What is the units digit of 228609386?
6
What is the hundreds digit of 242251356?
3
What is the hundred thousands digit of 4313132?
3
What is the units digit of 158402020?
0
What is the hundreds digit of 2173676273?
2
What is the tens digit of 273910922?
2
What is the hundreds digit of 31492193?
1
What is the billions digit of 3415937874?
3
What is the tens digit of 297188100?
0
What is the hundreds digit of 1559245007?
0
What is the thousands digit of 128839348?
9
What is the hundred thousands digit of 6465912388?
9
What is the hundred millions digit of 135187274?
1
What is the hundreds digit of 540972328?
3
What is the millions digit of 405089551?
5
What is the hundreds digit of 166946857?
8
What is the units digit of 493425666?
6
What is the ten millions digit of 790153353?
9
What is the hundred thousands digit of 71513751?
5
What is the hundreds digit of 51581407?
4
What is the ten millions digit of 2335175040?
3
What is the units digit of 3758181?
1
What is the thousands digit of 28870504?
0
What is the ten thousands digit of 472743232?
4
What is the ten thousands digit of 19182825?
8
What is the ten thousands digit of 19652713?
5
What is the units digit of 679874910?
0
What is the hundred thousands digit of 2109718636?
7
What is the thousands digit of 666496307?
6
What is the thousands digit of 5491714378?
4
What is the hundreds digit of 37439991?
9
What is the ten millions digit of 422498872?
2
What is the millions digit of 54814706?
4
What is the thousands digit of 822110683?
0
What is the ten thousands digit of 558888716?
8
What is the hundreds digit of 438726921?
9
What is the hundreds digit of 363983546?
5
What is the thousands digit of 191174719?
4
What is the hundred thousands digit of 309673201?
6
What is the billions digit of 1834111476?
1
What is the billions digit of 1248524317?
1
What is the hundred millions digit of 783380094?
7
What is the thousands digit of 18187086?
7
What is the hundreds digit of 50949164?
1
What is the billions digit of 2201603530?
2
What is the ten millions digit of 2329485907?
2
What is the ten millions digit of 371631875?
7
What is the hundreds digit of 11964638?
6
What is the tens digit of 259493248?
4
What is the thousands digit of 4675773470?
3
What is the hundreds digit of 238470217?
2
What is the ten millions digit of 2081493707?
8
What is the hundred thousands digit of 133549380?
5
What is the hundred millions digit of 4425879986?
4
What is the hundred thousands digit of 57519715?
5
What is the hundred thousands digit of 639653509?
6
What is the ten thousands digit of 7737746?
3
What is the hundred thousands digit of 48175398?
1
What is the thousands digit of 35381545?
1
What is the hundred millions digit of 162814176?
1
What is the tens digit of 342817923?
2
What is the units digit of 122420626?
6
What is the thousands digit of 9742919?
2
What is the millions digit of 2152929252?
2
What is the hundred millions digit of 205598410?
2
What is the units digit of 1146257106?
6
What is the hundred thousands digit of 2351330232?
3
What is the hundred millions digit of 279718682?
2
What is the hundreds digit of 1823908403?
4
What is the ten millions digit of 707838477?
0
What is the millions digit of 39661270?
9
What is the tens digit of 42218018?
1
What is the units digit of 177313907?
7
What is the hundreds digit of 22905935?
9
What is the hundred millions digit of 996349959?
9
What is the units digit of 293826562?
2
What is the ten thousands digit of 83890648?
9
What is the ten thousands digit of 15919201?
1
What is the units digit of 7586780998?
8
What is the millions digit of 31996667?
1
What is the thousands digit of 47016442?
6
What is the hundred thousands digit of 754994049?
9
What is the units digit of 279466516?
6
What is the hundred millions digit of 1640517351?
6
What is the hundred millions digit of 2788689498?
7
What is the ten thousands digit of 356497719?
9
What is the tens digit of 89824871?
7
What is the ten millions digit of 173918969?
7
What is the hundred millions digit of 386793202?
3
What is the hundreds digit of 190586869?
8
What is the tens digit of 5105053?
5
What is the hundreds digit of 58650976?
9
What is the ten millions digit of 3535538385?
3
What is the tens digit of 88768198?
9
What is the billions digit of 1187356833?
1
What is the thousands digit of 74950386?
0
What is the hundred thousands digit of 2573087?
5
What is the hundreds digit of 5948401?
4
What is the hundreds digit of 27691120?
1
What is the hundred millions digit of 586097019?
5
What is the thousands digit of 6143826?
3
What is the tens digit of 341339565?
6
What is the hundreds digit of 49098883?
8
What is the thousands digit of 134186665?
6
What is the billions digit of 1714454693?
1
What is the units digit of 36753128?
8
What is the millions digit of 140158083?
0
What is the tens digit of 49660428?
2
What is the hundreds digit of 176633169?
1
What is the millions digit of 6327240286?
7
What is the hundreds digit of 4136915086?
0
What is the ten millions digit of 221174957?
2
What is the thousands digit of 33832280?
2
What is the tens digit of 6819674587?
8
What is the hundred thousands digit of 41115667?
1
What is the hundreds digit of 60176739?
7
What is the hundred thousands digit of 560727?
5
What is the hundred thousands digit of 1915452427?
4
What is the hundreds digit of 770759672?
6
What is the ten thousands digit of 89589697?
8
What is the tens digit of 367510193?
9
What is the ten thousands digit of 7483172973?
7
What is the hundred thousands digit of 28218645?
2
What is the tens digit of 769142680?
8
What is the hundreds digit of 116041539?
5
What is the ten millions digit of 286577958?
8
What is the billions digit of 1764777986?
1
What is the tens digit of 394791892?
9
What is the tens digit of 2444194987?
8
What is the hundreds digit of 127928571?
5
What is the tens digit of 2327659354?
5
What is the hundreds digit of 248301482?
4
What is the units digit of 4186771683?
3
What is the ten thousands digit of 42813359?
1
What is the tens digit of 137640433?
3
What is the tens digit of 1134279693?
9
What is the ten thousands digit of 432679043?
7
What is the thousands di